{"id":12150,"date":"2019-11-20T13:30:01","date_gmt":"2019-11-20T12:30:01","guid":{"rendered":"http:\/\/comprensivobrigida.edu.it\/site\/?page_id=12150"},"modified":"2024-01-13T17:32:17","modified_gmt":"2024-01-13T16:32:17","slug":"scuola-dellinfanzia","status":"publish","type":"page","link":"https:\/\/www.comprensivobrigida.edu.it\/site\/scuola-dellinfanzia\/","title":{"rendered":"Scuola dell&#8217;Infanzia"},"content":{"rendered":"\t\t<div data-elementor-type=\"wp-page\" data-elementor-id=\"12150\" class=\"elementor elementor-12150\" data-elementor-settings=\"[]\">\n\t\t\t\t\t\t\t<div class=\"elementor-section-wrap\">\n\t\t\t\t\t\t\t<section class=\"has_eae_slider elementor-section elementor-top-section elementor-element elementor-element-8c4dc19 elementor-section-boxed elementor-section-height-default elementor-section-height-default\" data-id=\"8c4dc19\" data-element_type=\"section\">\n\t\t\t\t\t\t<div class=\"elementor-container elementor-column-gap-default\">\n\t\t\t\t\t<div class=\"has_eae_slider elementor-column elementor-col-100 elementor-top-column elementor-element elementor-element-7451de9\" data-id=\"7451de9\" data-element_type=\"column\">\n\t\t\t<div class=\"elementor-widget-wrap elementor-element-populated\">\n\t\t\t\t\t\t\t\t<div class=\"elementor-element elementor-element-14603d7 elementor-widget elementor-widget-text-editor\" data-id=\"14603d7\" data-element_type=\"widget\" data-widget_type=\"text-editor.default\">\n\t\t\t\t<div class=\"elementor-widget-container\">\n\t\t\t<style>\/*! elementor - v3.5.6 - 28-02-2022 *\/\n.elementor-widget-text-editor.elementor-drop-cap-view-stacked .elementor-drop-cap{background-color:#818a91;color:#fff}.elementor-widget-text-editor.elementor-drop-cap-view-framed .elementor-drop-cap{color:#818a91;border:3px solid;background-color:transparent}.elementor-widget-text-editor:not(.elementor-drop-cap-view-default) .elementor-drop-cap{margin-top:8px}.elementor-widget-text-editor:not(.elementor-drop-cap-view-default) .elementor-drop-cap-letter{width:1em;height:1em}.elementor-widget-text-editor .elementor-drop-cap{float:left;text-align:center;line-height:1;font-size:50px}.elementor-widget-text-editor .elementor-drop-cap-letter{display:inline-block}<\/style>\t\t\t\t<p><span style=\"color: #33cccc;\"><strong>UN AMBIENTE CONFORTEVOLE<\/strong><\/span>.\u00a0<\/p><p>La nostra Scuola dell\u2019Infanzia, intestata a Papa Giovanni Paolo II, \u00e8 situata in via Cina, in posizione accessibile ma defilata e tranquilla. Attualmente consta di 3 sezioni eterogenee<br \/>(bambini da 3 a 6 anni) ospitate in una struttura moderna e sicura e caratterizzata da ambienti interni particolarmente accoglienti ed attrezzati.<br \/>Le sezioni I, II e III sono dotate di Lavagna Interattiva Multimediale.<br \/>Per l\u2019anno scolastico 2023\/24 si prevede l\u2019istituzione di una nuova sezione omogenea, che accolga bambini di 3 anni. \u00c8 confermata l\u2019accoglienza di bambini di due anni e mezzo con un certo grado di autonomia.<br \/>Le aule sono molto ampie, ben organizzate e con ricca dotazione di materiali e giochi didattici. I servizi igienici sono nuovi e ben tenuti e sono strategicamente dislocati nei pressi di ogni aula. Tutte le aule si affacciano su un ampio salone attrezzatissimo per il gioco e adatto ad ospitare attivit\u00e0 collettive. Un&#8217;altra ampia aula \u00e8 attualmente utilizzata per attivit\u00e0 motorie e di drammatizzazione. L\u2019edificio \u00e8 circondato da un ampio giardino con giochi per bambini.<br \/>Nell\u2019a.s. 2023\/2024 la nostra scuola sar\u00e0 dotata di un ulteriore spazio didattico innovativo, l\u2019aula multifunzionale creata per favorire lo sviluppo delle potenzialit\u00e0 e delle competenze di relazione, autonomia, creativit\u00e0 e apprendimento degli alunni.<br \/>L\u2019aula multifunzionale \u00e8 un luogo raccolto e protetto, allestito con arredi colorati e sicuri. E\u2019 unospazio dove tutti i sensi vengono stimolati attraverso colori, suoni, immagini, supporti tattili. L\u2019esposizione a questi stimoli mira a produrre sensazioni di benessere ed autoconsapevolezza in tutti i bambini, principalmente negli alunni interessati da disabilit\u00e0, incrementando negli alunni il piacere di apprendere.<\/p>\t\t\t\t\t\t<\/div>\n\t\t\t\t<\/div>\n\t\t\t\t\t<\/div>\n\t\t<\/div>\n\t\t\t\t\t\t\t<\/div>\n\t\t<\/section>\n\t\t\t\t<section class=\"has_eae_slider elementor-section elementor-top-section elementor-element elementor-element-2c58ff8 elementor-section-boxed elementor-section-height-default elementor-section-height-default\" data-id=\"2c58ff8\" data-element_type=\"section\">\n\t\t\t\t\t\t<div class=\"elementor-container elementor-column-gap-default\">\n\t\t\t\t\t<div class=\"has_eae_slider elementor-column elementor-col-100 elementor-top-column elementor-element elementor-element-b214201\" data-id=\"b214201\" data-element_type=\"column\">\n\t\t\t<div class=\"elementor-widget-wrap elementor-element-populated\">\n\t\t\t\t\t\t\t\t<div class=\"elementor-element elementor-element-1f2a58a elementor-widget elementor-widget-text-editor\" data-id=\"1f2a58a\" data-element_type=\"widget\" data-widget_type=\"text-editor.default\">\n\t\t\t\t<div class=\"elementor-widget-container\">\n\t\t\t\t\t\t\t<p><strong><span style=\"color: #339966;\">UN AMBIENTE ACCOGLIENTE.<\/span><\/strong> Un Team di maestre qualificate, pazienti ed esperte sar\u00e0 pronta a collaborare con i genitori per favorire l&#8217;inserimento graduale dei nuovi arrivati. le maestre, seguendo un preciso protocollo di accoglienza, dedicheranno tempo e cure alla lunga fase di ambientamento per sostenere la reciproca integrazione all&#8217;interno di un ambiente caratterizzato da un clima di dialogo e serenit\u00e0 nel <span style=\"color: #000000;\">rispetto <\/span>del distacco dalla famiglia<\/p>\t\t\t\t\t\t<\/div>\n\t\t\t\t<\/div>\n\t\t\t\t\t<\/div>\n\t\t<\/div>\n\t\t\t\t\t\t\t<\/div>\n\t\t<\/section>\n\t\t\t\t<section class=\"has_eae_slider elementor-section elementor-top-section elementor-element elementor-element-ff60e2c elementor-section-boxed elementor-section-height-default elementor-section-height-default\" data-id=\"ff60e2c\" data-element_type=\"section\">\n\t\t\t\t\t\t<div class=\"elementor-container elementor-column-gap-default\">\n\t\t\t\t\t<div class=\"has_eae_slider elementor-column elementor-col-100 elementor-top-column elementor-element elementor-element-8d47389\" data-id=\"8d47389\" data-element_type=\"column\">\n\t\t\t<div class=\"elementor-widget-wrap elementor-element-populated\">\n\t\t\t\t\t\t\t\t<div class=\"elementor-element elementor-element-33fae44 elementor-widget elementor-widget-text-editor\" data-id=\"33fae44\" data-element_type=\"widget\" data-widget_type=\"text-editor.default\">\n\t\t\t\t<div class=\"elementor-widget-container\">\n\t\t\t\t\t\t\t<p><strong><span style=\"color: #ff0000;\">UN AMBIENTE STIMOLANTE<\/span><\/strong>. Gradualmente i\u00a0 bambini saranno guidati alla scoperta di nuovi ambienti da esplorare attraverso la tecnica laboratoriale. L&#8217;apprendimento avviene attraverso l&#8217;esperienza, l&#8217;esplorazione, i rapporti tra pari, attraverso la rielaborazione individuale e collettiva di esperienze e attraverso attivit\u00e0 ludiche. Con il gioco infatti i bambini si esprimono, raccontano, interpretano e combinano in modo creativo le esperienze soggettive e sociali. L&#8217;intervento educativo \u00e8 promosso attraverso campi di esperienza, in altre parole luoghi del fare e dell&#8217;agire del bambino orientati all&#8217;azione consapevole ed esperta degli insegnanti. Previste interazioni col Polo linguistico dell&#8217;Istituta<\/p>\t\t\t\t\t\t<\/div>\n\t\t\t\t<\/div>\n\t\t\t\t\t<\/div>\n\t\t<\/div>\n\t\t\t\t\t\t\t<\/div>\n\t\t<\/section>\n\t\t\t\t<section class=\"has_eae_slider elementor-section elementor-top-section elementor-element elementor-element-b05fb1f elementor-section-boxed elementor-section-height-default elementor-section-height-default\" data-id=\"b05fb1f\" data-element_type=\"section\">\n\t\t\t\t\t\t<div class=\"elementor-container elementor-column-gap-default\">\n\t\t\t\t\t<div class=\"has_eae_slider elementor-column elementor-col-100 elementor-top-column elementor-element elementor-element-7791612\" data-id=\"7791612\" data-element_type=\"column\">\n\t\t\t<div class=\"elementor-widget-wrap elementor-element-populated\">\n\t\t\t\t\t\t\t\t<div class=\"elementor-element elementor-element-6c4c2a4 elementor-align-center elementor-widget elementor-widget-button\" data-id=\"6c4c2a4\" data-element_type=\"widget\" data-widget_type=\"button.default\">\n\t\t\t\t<div class=\"elementor-widget-container\">\n\t\t\t\t\t<div class=\"elementor-button-wrapper\">\n\t\t\t<a href=\"\" class=\"elementor-button-link elementor-button elementor-size-sm\" role=\"button\">\n\t\t\t\t\t\t<span class=\"elementor-button-content-wrapper\">\n\t\t\t\t\t\t<span class=\"elementor-button-text\">OFFERTA FORMATIVA<\/span>\n\t\t<\/span>\n\t\t\t\t\t<\/a>\n\t\t<\/div>\n\t\t\t\t<\/div>\n\t\t\t\t<\/div>\n\t\t\t\t<div class=\"elementor-element elementor-element-c0882be elementor-widget elementor-widget-text-editor\" data-id=\"c0882be\" data-element_type=\"widget\" data-widget_type=\"text-editor.default\">\n\t\t\t\t<div class=\"elementor-widget-container\">\n\t\t\t\t\t\t\t<p><strong><span style=\"color: #0000ff;\">TEMPO SCUOLA<\/span><\/strong><\/p><p>La Scuola dell\u2019infanzia offre agli alunni di tre\/quattro\/cinque anni un tempo scuola di 40 ore settimanali, dal luned\u00ec al venerd\u00ec \u00a0dalle ore 8.00 alle ore 16.00 con chiusura il sabato.<\/p><p>L\u2019organizzazione della didattica prevede un orario flessibile che garantisca, nell\u2019arco della mattinata, tempi adeguati di compresenza delle docenti, al fine di facilitare la realizzazione della personalizzazione degli apprendimenti e di attivit\u00e0 per gruppi omogenei di et\u00e0.\u00a0<\/p><p>A raggiungimento di un numero congruo, venendo incontro ad eventuali motivate esigenze dell&#8217;utenza \u00e8 allo studio un tempo trattenuto sino alle ore 17.30<\/p><p>Entrata: dalle 8.00 alle 9.00<\/p><p>E&#8217; consentita l&#8217;entrata anticipata alle 7.45 su richiesta dei genitori entrambi lavoratori.<\/p><p>Uscita dalle 15.45 alle 16.00<\/p><p>E&#8217;prevista l&#8217;uscita antimeridiana (tra le 12.45 e le 13.00) in situazioni particolari<\/p><p>MENU&#8217; MENSA &#8211; <a href=\"https:\/\/www.comprensivobrigida.edu.it\/site\/wp-content\/uploads\/2021\/11\/Documento-da-parte-di-Daniela-5.pdf\">QUI<\/a><\/p>\t\t\t\t\t\t<\/div>\n\t\t\t\t<\/div>\n\t\t\t\t\t<\/div>\n\t\t<\/div>\n\t\t\t\t\t\t\t<\/div>\n\t\t<\/section>\n\t\t\t\t\t\t<\/div>\n\t\t\t\t\t<\/div>\n\t\t","protected":false},"excerpt":{"rendered":"<p>UN AMBIENTE CONFORTEVOLE.\u00a0 La nostra Scuola dell\u2019Infanzia, intestata a Papa Giovanni Paolo II, \u00e8 situata in via Cina, in posizione accessibile ma defilata e tranquilla. Attualmente consta di 3 sezioni eterogenee(bambini da 3 a 6 anni) ospitate in una struttura moderna e sicura e caratterizzata da ambienti interni particolarmente accoglienti ed attrezzati.Le sezioni I, II [&hellip;]<\/p>\n","protected":false},"author":1,"featured_media":0,"parent":0,"menu_order":0,"comment_status":"closed","ping_status":"closed","template":"","meta":{"footnotes":""},"_links":{"self":[{"href":"https:\/\/www.comprensivobrigida.edu.it\/site\/wp-json\/wp\/v2\/pages\/12150"}],"collection":[{"href":"https:\/\/www.comprensivobrigida.edu.it\/site\/wp-json\/wp\/v2\/pages"}],"about":[{"href":"https:\/\/www.comprensivobrigida.edu.it\/site\/wp-json\/wp\/v2\/types\/page"}],"author":[{"embeddable":true,"href":"https:\/\/www.comprensivobrigida.edu.it\/site\/wp-json\/wp\/v2\/users\/1"}],"replies":[{"embeddable":true,"href":"https:\/\/www.comprensivobrigida.edu.it\/site\/wp-json\/wp\/v2\/comments?post=12150"}],"version-history":[{"count":36,"href":"https:\/\/www.comprensivobrigida.edu.it\/site\/wp-json\/wp\/v2\/pages\/12150\/revisions"}],"predecessor-version":[{"id":27923,"href":"https:\/\/www.comprensivobrigida.edu.it\/site\/wp-json\/wp\/v2\/pages\/12150\/revisions\/27923"}],"wp:attachment":[{"href":"https:\/\/www.comprensivobrigida.edu.it\/site\/wp-json\/wp\/v2\/media?parent=12150"}],"curies":[{"name":"wp","href":"https:\/\/api.w.org\/{rel}","templated":true}]}}

<div data-elementor-type="wp-page" data-elementor-id="12150" class="elementor elementor-12150" data-elementor-settings="[]">
							<div class="elementor-section-wrap">
							<section class="has_eae_slider elementor-section elementor-top-section elementor-element elementor-element-8c4dc19 elementor-section-boxed elementor-section-height-default elementor-section-height-default" data-id="8c4dc19" data-element_type="section">
						<div class="elementor-container elementor-column-gap-default">
					<div class="has_eae_slider elementor-column elementor-col-100 elementor-top-column elementor-element elementor-element-7451de9" data-id="7451de9" data-element_type="column">
			<div class="elementor-widget-wrap elementor-element-populated">
								<div class="elementor-element elementor-element-14603d7 elementor-widget elementor-widget-text-editor" data-id="14603d7" data-element_type="widget" data-widget_type="text-editor.default">
				<div class="elementor-widget-container">
			<style>/*! elementor - v3.5.6 - 28-02-2022 */
.elementor-widget-text-editor.elementor-drop-cap-view-stacked .elementor-drop-cap{background-color:#818a91;color:#fff}.elementor-widget-text-editor.elementor-drop-cap-view-framed .elementor-drop-cap{color:#818a91;border:3px solid;background-color:transparent}.elementor-widget-text-editor:not(.elementor-drop-cap-view-default) .elementor-drop-cap{margin-top:8px}.elementor-widget-text-editor:not(.elementor-drop-cap-view-default) .elementor-drop-cap-letter{width:1em;height:1em}.elementor-widget-text-editor .elementor-drop-cap{float:left;text-align:center;line-height:1;font-size:50px}.elementor-widget-text-editor .elementor-drop-cap-letter{display:inline-block}</style>				<p><span style="color: #33cccc;"><strong>UN AMBIENTE CONFORTEVOLE</strong></span>. </p><p>La nostra Scuola dell’Infanzia, intestata a Papa Giovanni Paolo II, è situata in via Cina, in posizione accessibile ma defilata e tranquilla. Attualmente consta di 3 sezioni eterogenee<br />(bambini da 3 a 6 anni) ospitate in una struttura moderna e sicura e caratterizzata da ambienti interni particolarmente accoglienti ed attrezzati.<br />Le sezioni I, II e III sono dotate di Lavagna Interattiva Multimediale.<br />Per l’anno scolastico 2023/24 si prevede l’istituzione di una nuova sezione omogenea, che accolga bambini di 3 anni. È confermata l’accoglienza di bambini di due anni e mezzo con un certo grado di autonomia.<br />Le aule sono molto ampie, ben organizzate e con ricca dotazione di materiali e giochi didattici. I servizi igienici sono nuovi e ben tenuti e sono strategicamente dislocati nei pressi di ogni aula. Tutte le aule si affacciano su un ampio salone attrezzatissimo per il gioco e adatto ad ospitare attività collettive. Un&#8217;altra ampia aula è attualmente utilizzata per attività motorie e di drammatizzazione. L’edificio è circondato da un ampio giardino con giochi per bambini.<br />Nell’a.s. 2023/2024 la nostra scuola sarà dotata di un ulteriore spazio didattico innovativo, l’aula multifunzionale creata per favorire lo sviluppo delle potenzialità e delle competenze di relazione, autonomia, creatività e apprendimento degli alunni.<br />L’aula multifunzionale è un luogo raccolto e protetto, allestito con arredi colorati e sicuri. E’ unospazio dove tutti i sensi vengono stimolati attraverso colori, suoni, immagini, supporti tattili. L’esposizione a questi stimoli mira a produrre sensazioni di benessere ed autoconsapevolezza in tutti i bambini, principalmente negli alunni interessati da disabilità, incrementando negli alunni il piacere di apprendere.</p>						</div>
				</div>
					</div>
		</div>
							</div>
		</section>
				<section class="has_eae_slider elementor-section elementor-top-section elementor-element elementor-element-2c58ff8 elementor-section-boxed elementor-section-height-default elementor-section-height-default" data-id="2c58ff8" data-element_type="section">
						<div class="elementor-container elementor-column-gap-default">
					<div class="has_eae_slider elementor-column elementor-col-100 elementor-top-column elementor-element elementor-element-b214201" data-id="b214201" data-element_type="column">
			<div class="elementor-widget-wrap elementor-element-populated">
								<div class="elementor-element elementor-element-1f2a58a elementor-widget elementor-widget-text-editor" data-id="1f2a58a" data-element_type="widget" data-widget_type="text-editor.default">
				<div class="elementor-widget-container">
							<p><strong><span style="color: #339966;">UN AMBIENTE ACCOGLIENTE.</span></strong> Un Team di maestre qualificate, pazienti ed esperte sarà pronta a collaborare con i genitori per favorire l&#8217;inserimento graduale dei nuovi arrivati. le maestre, seguendo un preciso protocollo di accoglienza, dedicheranno tempo e cure alla lunga fase di ambientamento per sostenere la reciproca integrazione all&#8217;interno di un ambiente caratterizzato da un clima di dialogo e serenità nel <span style="color: #000000;">rispetto </span>del distacco dalla famiglia</p>						</div>
				</div>
					</div>
		</div>
							</div>
		</section>
				<section class="has_eae_slider elementor-section elementor-top-section elementor-element elementor-element-ff60e2c elementor-section-boxed elementor-section-height-default elementor-section-height-default" data-id="ff60e2c" data-element_type="section">
						<div class="elementor-container elementor-column-gap-default">
					<div class="has_eae_slider elementor-column elementor-col-100 elementor-top-column elementor-element elementor-element-8d47389" data-id="8d47389" data-element_type="column">
			<div class="elementor-widget-wrap elementor-element-populated">
								<div class="elementor-element elementor-element-33fae44 elementor-widget elementor-widget-text-editor" data-id="33fae44" data-element_type="widget" data-widget_type="text-editor.default">
				<div class="elementor-widget-container">
							<p><strong><span style="color: #ff0000;">UN AMBIENTE STIMOLANTE</span></strong>. Gradualmente i  bambini saranno guidati alla scoperta di nuovi ambienti da esplorare attraverso la tecnica laboratoriale. L&#8217;apprendimento avviene attraverso l&#8217;esperienza, l&#8217;esplorazione, i rapporti tra pari, attraverso la rielaborazione individuale e collettiva di esperienze e attraverso attività ludiche. Con il gioco infatti i bambini si esprimono, raccontano, interpretano e combinano in modo creativo le esperienze soggettive e sociali. L&#8217;intervento educativo è promosso attraverso campi di esperienza, in altre parole luoghi del fare e dell&#8217;agire del bambino orientati all&#8217;azione consapevole ed esperta degli insegnanti. Previste interazioni col Polo linguistico dell&#8217;Istituta</p>						</div>
				</div>
					</div>
		</div>
							</div>
		</section>
				<section class="has_eae_slider elementor-section elementor-top-section elementor-element elementor-element-b05fb1f elementor-section-boxed elementor-section-height-default elementor-section-height-default" data-id="b05fb1f" data-element_type="section">
						<div class="elementor-container elementor-column-gap-default">
					<div class="has_eae_slider elementor-column elementor-col-100 elementor-top-column elementor-element elementor-element-7791612" data-id="7791612" data-element_type="column">
			<div class="elementor-widget-wrap elementor-element-populated">
								<div class="elementor-element elementor-element-6c4c2a4 elementor-align-center elementor-widget elementor-widget-button" data-id="6c4c2a4" data-element_type="widget" data-widget_type="button.default">
				<div class="elementor-widget-container">
					<div class="elementor-button-wrapper">
			<a href="" class="elementor-button-link elementor-button elementor-size-sm" role="button">
						<span class="elementor-button-content-wrapper">
						<span class="elementor-button-text">OFFERTA FORMATIVA</span>
		</span>
					</a>
		</div>
				</div>
				</div>
				<div class="elementor-element elementor-element-c0882be elementor-widget elementor-widget-text-editor" data-id="c0882be" data-element_type="widget" data-widget_type="text-editor.default">
				<div class="elementor-widget-container">
							<p><strong><span style="color: #0000ff;">TEMPO SCUOLA</span></strong></p><p>La Scuola dell’infanzia offre agli alunni di tre/quattro/cinque anni un tempo scuola di 40 ore settimanali, dal lunedì al venerdì  dalle ore 8.00 alle ore 16.00 con chiusura il sabato.</p><p>L’organizzazione della didattica prevede un orario flessibile che garantisca, nell’arco della mattinata, tempi adeguati di compresenza delle docenti, al fine di facilitare la realizzazione della personalizzazione degli apprendimenti e di attività per gruppi omogenei di età. </p><p>A raggiungimento di un numero congruo, venendo incontro ad eventuali motivate esigenze dell&#8217;utenza è allo studio un tempo trattenuto sino alle ore 17.30</p><p>Entrata: dalle 8.00 alle 9.00</p><p>E&#8217; consentita l&#8217;entrata anticipata alle 7.45 su richiesta dei genitori entrambi lavoratori.</p><p>Uscita dalle 15.45 alle 16.00</p><p>E&#8217;prevista l&#8217;uscita antimeridiana (tra le 12.45 e le 13.00) in situazioni particolari</p><p>MENU&#8217; MENSA &#8211; <a href="https://www.comprensivobrigida.edu.it/site/wp-content/uploads/2021/11/Documento-da-parte-di-Daniela-5.pdf">QUI</a></p>						</div>
				</div>
					</div>
		</div>
							</div>
		</section>
						</div>
					</div>

<p>UN AMBIENTE CONFORTEVOLE.  La nostra Scuola dell’Infanzia, intestata a Papa Giovanni Paolo II, è situata in via Cina, in posizione accessibile ma defilata e tranquilla. Attualmente consta di 3 sezioni eterogenee(bambini da 3 a 6 anni) ospitate in una struttura moderna e sicura e caratterizzata da ambienti interni particolarmente accoglienti ed attrezzati.Le sezioni I, II [&hellip;]</p>
